 r + 8. Let t(b) = b - 6. Give t(q).
-9
Let g(v) = 9 - v**3 + 9895*v**2 + 2*v - 2*v - 9906*v**2. Suppose -77 = 3*m + 4*m. Determine g(m).
9
Suppose 169 + 866 = 115*l. Let c(w) = -3*w + 21. Calculate c(l).
-6
Let k be (275/(-75))/(2/3 + -1). Suppose -y + k = 2. Let u(w) = 2*w**2 - 19 + y + w + 10 + 2*w**3. What is u(-1)?
-1
Suppose -4*o + y + 602 = 0, -10*y = o - 5*y - 161. Let u = 169 - o. Let w(k) = -k**3 + 19*k**2 - 16*k - 38. What is w(u)?
-2
Let j be (-13160)/(-32) - 6/24. Let u = j - 409. Let v(c) = 13*c. Give v(u).
26
Let s(f) = 5*f**2 + 1. Let b(z) = 6*z**2 + 7*z + 3. Let i(m) = 5*m**2 + 8*m + 3. Let q(x) = 7*b(x) - 6*i(x). Let d(g) = 2*q(g) - 7*s(g). Give d(1).
-10
Let p(a) = 1 + 96 + 35*a - 63*a + 21*a. Give p(14).
-1
Let b = 63 + -60. Suppose 3 = 2*o - b*m, 5 = -2*o + 5*m + 2. Let t(c) = 5*c**2 - c**2 - 2 + c**2 - 4*c**2 + o*c. What is t(-8)?
14
Let o(p) be the third derivative of -p**5/60 + p**4/4 - 4*p**3/3 - 2*p**2. Let j(l) = l**2 - 9*l + 12. Let u be j(7). Let n = u - -8. Determine o(n).
-8
Suppose 4*s + 18 = 6. Let k be (s - (2 + -6)) + -1. Let h(z) be the first derivative of -z**2/2 - 15*z - 138. What is h(k)?
-15
Let a(j) be the second derivative of 13*j**3/6 - 185*j**2/2 + 6523*j. Give a(14).
-3
Let c(s) be the first derivative of s**6/30 + s**3 - 41*s + 124. Let o(f) be the third derivative of c(f). What is o(1)?
12
Let a(i) be the first derivative of -i**3/3 + 2*i**2 + 2*i + 6013. Let r = -10 - -16. Calculate a(r).
-10
Suppose 0 = h - 4*n - 5, 4*h - 3*h - 5*n - 8 = 0. Let q(o) be the first derivative of 3*o**2/2 + 3*o - 11. What is q(h)?
-18
Let q = -18837 - -18826. Let f(t) = -3*t**3 - 32*t**2 + 12*t + 4. Calculate f(q).
-7
Let b be (1 + 0 - -7)/(-1). Let o(v) = 3022*v + 3013*v - 9088*v + 12 + 3055*v. Give o(b).
-4
Let i(d) = 755*d**2 + 8 - 6 + 2*d**3 - 762*d**2. Calculate i(4).
18
Let a(k) be the first derivative of -k**4/2 + 4*k**3/3 + k**2/2 + 5*k + 2309. What is a(3)?
-10
Let i(w) = -13*w**3 + 2*w**2 - 2*w + 1. Let m be 1122/16 - 3/24. Suppose r - m = 6*r. Let a = 15 + r. Determine i(a).
-12
Let m(k) = -k**3 - 7*k**2 + 8*k + 7. Let q(a) = -11*a**2 - 7*a - 49. Let j(b) = 4*b**2 - b - 1. Let c(l) = -6*j(l) - 2*q(l). Let t be c(14). Calculate m(t).
7
Let o(c) = 31 + 24 - 12*c - 75 + 22. Give o(4).
-46
Suppose -3*n - 45 = -57*a + 61*a, 4*n + 21 = -a. Let g(q) = q**3 + 9*q**2 + 7*q + 34. Calculate g(a).
-29
Let f(g) = -13*g**2 + 4 - 2*g - 5 + 12*g**2 + 4. Let q be 20/50 - 44/10. What is f(q)?
-5
Let w = -106 + 62. Let s be 3/((-1)/3 - w/24). Let b(z) = -4 + 5*z**s - 3 - z - 4*z**2 - 2*z**3 + 3*z**3. Give b(0).
-7
Suppose 0 = -19*x + 7*x. Suppose 5*g - s - 33 = -4, -5*g - 2*s + 32 = x. Let f(u) = 2*u - 2. What is f(g)?
10
Let y(i) = 2*i**2 + 26*i - 26. Suppose -2*k = 3 + 25. Let g be y(k). Let w(a) = -2*a**3 - 3*a**2 + 2*a + 1. Give w(g).
-23
Suppose -4*c + 8 = 3*a, -2*a + 21 = -5*c + 54. Suppose -5*k = -y - 74, -3*y + 43 = 3*k - 5. Let v(w) = -6 - 3 + k - 4 + w. Calculate v(c).
7
Let h(a) be the first derivative of 1/2*a**2 + 10*a + 32. Give h(-12).
-2
Let b be 9 - (35/14 + -3)*-20. Let j(x) = 12*x**3 - 2*x**2 - x. Determine j(b).
-13
Let v be 13*4809/1638 - 1/6. Let l(h) = 10*h - 380. Give l(v).
0
Suppose i + 84*w - 86*w = -20, 3*i + 50 = -4*w. Let z(o) = 5*o + 94. What is z(i)?
4
Let u = 13 - 18. Let y(l) be the first derivative of l**2 - 19 + 4*l + 29 + 8 + 8. Give y(u).
-6
Suppose 2 + 6 = 2*v. Let l(c) = 7*c - 1. Let n(r) = 2*r + 8*r - r - 15*r. Let m(x) = v*l(x) + 5*n(x). What is m(5)?
-14
Let q(j) = 65*j - 29. Let o(d) = -146*d + 59. Let a(x) = -4*o(x) - 9*q(x). Calculate a(-12).
37
Let q(o) = 7*o**2 - 8*o - 44. Let u be q(-9). Suppose -3*p = -z - 131, 0 = -5*z - 2*p - u - 26. Let j = z + 123. Let k(i) = i**2 + 2*i + 1. Calculate k(j).
1
Suppose 3*b - 5*q - 10 = -4*q, 4*q - 2 = -2*b. Let p(u) = -2*u**3 + 3*u**2 + 8*u - 13. Determine p(b).
-16
Let z(h) = h - 2 - h**2 - h**3 + 2*h**2 + 0*h**2. Let k be -21*(156/26 + 230/(-35)) + -12. Determine z(k).
-2
Let f(h) = h**2 - 4*h - 7. Let m = -119 + 155. Suppose m = 58*o - 52*o. Give f(o).
5
Let j be (-1)/(-7*(-7)/196). Let l(g) = -3*g**3 + 13*g**2 - 4*g + 17. Let o(i) = -2*i**3 + 12*i**2 - 5*i + 16. Let b(x) = j*o(x) + 3*l(x). What is b(-10)?
7
Suppose 36 - 6 = -6*j. Let n(b) = 4*b**2 - 4*b - 2. Let x(r) = r**2 - 2*r + 1. Let o(k) = n(k) - 3*x(k). Give o(j).
10
Let a(x) = 3*x**3 + 19*x**2 + 108*x - 1. Let c(z) = -z**3 - 6*z**2 - 38*z. Let d(t) = 4*a(t) + 11*c(t). What is d(-8)?
12
Let o(y) = -3*y - 15. Suppose 0 = 12*m + 88 - 64. Let w(v) = -v - 5. Let g(a) = m*w(a) + o(a). What is g(-7)?
2
Let l(i) = i**2 + 4. Suppose 32 = -3*k - 5*s, -57*k = -56*k - 2*s - 4. What is l(k)?
20
Suppose 66*p = 62*p + 72. Suppose -4*a = 4*h - 0*a - 24, -2*a + p = 5*h. Suppose 0 = h*n - 2 - 0. Let v(m) = -3*m + 1. Determine v(n).
-2
Suppose -s - 4*g - 151 = -2*g, -4*g = 5*s + 779. Let p = s + 150. Let f(b) = -b**2 - 9*b - 6. Give f(p).
-6
Let m(p) = 4*p**2 - 3*p**2 + 244 + 7*p - 503 + 252. Let z be 1*(-8 - (2 + -3)). Determine m(z).
-7
Suppose -39 + 11 = 7*o. Let k(q) = -11*q - 47. Let x be k(o). Let b(a) = a**2 + 2*a - 2. What is b(x)?
1
Let m = 5200 + -5186. Let s(q) = 24*q - 333. Give s(m).
3
Let y(w) be the second derivative of -w**3/6 - 23*w**2/2 + 24*w + 23. What is y(16)?
-39
Let k(y) = 5*y - 32. Let t be k(14). Let i be t/10 + 8/(-10). Let j(c) = 5*c - 7*c + c + i + 2*c. Calculate j(-7).
-4
Let o be (4 + 1)*18/72*-4. Let z(v) be the first derivative of -v**4/8 - v**3 - v**2 - 2. Let t(k) be the second derivative of z(k). Calculate t(o).
9
Let f(n) be the third derivative of 5*n**4/24 + 25*n**3/2 - 6348*n**2. Determine f(-19).
-20
Let m(r) be the third derivative of -1/6*r**4 + 0*r - 18*r**2 - 2/3*r**3 + 0. Calculate m(7).
-32
Let b(u) = 2*u + 12. Let a(q) = 1. Let m = 28 - 30. Let f(p) = m*b(p) + 18*a(p). Suppose 0 = 16*d + 87 - 23. Give f(d).
10
Let w(x) = -2*x - 7. Let a(i) = i + 3. Let c(m) = -13*a(m) - 6*w(m). Suppose -4*q - 26 = d, -5280*q + 3*d = -5284*q + 2. What is c(q)?
13
Let j be 14/(-28)*3*-2. Let m(q) be the second derivative of -3*q**3/2 + q**2 + 35*q - 2. Calculate m(j).
-25
Let t(p) = 1. Let o(n) = -5*n + 1. Let r(u) = -o(u) + 5*t(u). Suppose 23*v - 145 = -30. Suppose 302 - 317 = v*q. Calculate r(q).
-11
Suppose 10*h - 3*h = 21. Let x(t) = 13*t + 25. Let i be (4/6)/(3/(-9)). Let g(j) = -3*j - 6. Let y(p) = i*x(p) - 9*g(p). Give y(h).
7
Let q be 72/60*((-4400)/6)/(-4). Suppose q = 4*m - 0*m. Let f(k) = -4*k - 58 + m + 5*k. Calculate f(0).
-3
Suppose -2101 = 201*h - 10*h. Let i(d) = -34*d - 357. Give i(h).
17
Let d(s) = -691*s + 1 - 695*s + 1383*s. Give d(-8).
25
Let d(i) = -54 + 8*i - 2*i + 62 - 12*i - 43. What is d(-10)?
25
Let q be (-756)/(-78) + -4 + (-616)/(-143). Let c(z) = z**3 - 10*z**2 - 8*z - 6. Calculate c(q).
-86
Suppose 2387 = -11*s - 605. Let c = -269 - s. Let f(z) = z**3 - z**2 - 3*z - 3. Calculate f(c).
6
Let a(l) = -5*l - 8. Let q(b) = 5*b + 10. Let d(f) = 6*a(f) + 5*q(f). Suppose 11*s = -76 + 120. Determine d(s).
-18
Let l(d) = d**2 - 8*d - 2. Let a be l(11). Let b = 14 + a. Suppose 2*m + 35 = b. Let o(p) = -p**3 + 4*p**2 + 5*p + 7. What is o(m)?
7
Let n(d) = -d + 13. Let j be (-1 - 6/(-4))*-2. Suppose 15*w - 24 = 18*w. Let x be (w/(-12) - j)/((-2)/(-12)). Calculate n(x).
3
Let b(i) = i - 1. Let r = -45 + 50. Suppose -3*f - 4*n = -1 - 37, n = -r*f + 35. Give b(f).
5
Let y(n) = -n**2 - 3*n + 32. Let u = 3692 + -3687. Give y(u).
-8
Let q = 3034 + -3027. Let k(j) = 11*j - 78. Determine k(q).
-1
Let l(m) = m**3 - 4*m**2 - 6*m + 1. Let k be (1/5)/((-12)/(-240)). Suppose -r - 7 = -3*c, -r - 3*r + k*c + 4 = 0. Give l(r).
-4
Suppose -2 = -2*o - 6. Let i = 415 + -412. Let t(q) = 13*q**3 - 3*q**2 + 5*q**2 - 3*q - 3 + 4*q**i + 13*q**3 - 28*q**3. Calculate t(o).
-5
Let x(q) = -1. Let y(f) = f + 4. Let a(n) = -3*x(n) + y(n). What is a(3)?
10
Let p(w) be the third derivative of w**6/120 + 7*w**5/60 + w**4/12 - 4*w**3/3 + 206*w**2 + w. Give p(-7).
-22
Let l(t) = -6*t - 2 + 4 - 3. Let a(b) = -b**3 - 24*b**2 + 23*b + 47. Let j be a(-25). Suppose -73 = -12*p - j. Determine l(p).
11
Let g(u) = 6*u + 20. Let n(h) = 7*h + 21. Let q(s) = -6*g(s) + 5*n(s). Let k be (-3*(-26)/(-78))/(4/40). Give q(k).
-5
Let u(r) be the third derivative of 0*r + 7/6*r**3 - 17*r**2 + 1/24*r*